inder when 73 is divided by c.
15
Suppose 41 = 3*j - 19. Calculate the remainder when (168/9)/((-11)/(-33)) is divided by j.
16
Suppose 0 = -2*h + 3*h - 129. Suppose 549 - h = 10*d. What is the remainder when 80 is divided by d?
38
Suppose -15 + 3 = -4*r. Suppose 2*i - m = i + 13, 29 = 2*i - r*m. What is the remainder when i is divided by 6?
4
Suppose 3*w + 14 = 5*g, 0 = 2*g - 3*g - 5*w + 14. What is the remainder when 13 is divided by 1/(-3)*1/(g/(-48))?
1
Let u be 39/12 + 2/(-8). Suppose -u*z = -4*z. Let n = z - -9. What is the remainder when 35 is divided by n?
8
Let x(w) = 7*w + 154. What is the remainder when x(-12) is divided by 20?
10
Let u = -5 + -2. Suppose 192 + 258 = 5*x. What is the remainder when x is divided by (u/(-14)*31)/((-2)/(-4))?
28
Suppose 2*q = 3*q + 5, -4*s + q + 57 = 0. Calculate the remainder when 231 is divided by s.
10
Let z(u) = -15*u**2 - 13*u - 17. Let s(d) = 7*d**2 + 6*d + 8. Let x(q) = 13*s(q) + 6*z(q). Calculate the remainder when x(5) is divided by 7.
6
Suppose 3 = -x + 24. What is the remainder when 161 is divided by x?
14
Let f be (-12)/(-2) + (-11)/(-11). Suppose -3*j + 185 = -o, -o = f*j - 3*j - 249. What is the remainder when 182 is divided by j?
58
Let m = 136 - 85. Let t be 268*(-3)/4*-1. Suppose t = 5*k + m. Calculate the remainder when k is divided by 16.
14
Let y(l) = l**2 + 5*l + 10. Suppose -4*v - 43 + 3 = 0. Let a = 3 + v. Calculate the remainder when y(a) is divided by 14.
10
Let l = -753 - -826. What is the remainder when l is divided by 63?
10
Suppose 3*f - 667 = -4*h - 69, f - 206 = -3*h. What is the remainder when f is divided by 41?
30
Let k = -9 + 16. Suppose -2 = -8*t + k*t. What is the remainder when 4 is divided by t?
0
Suppose 25 + 14 = 3*u. Let k(h) = h**2 - 6*h - 3. Suppose 4*w - g = -33, 3*w - 3*g = -2*w - 50. Calculate the remainder when k(w) is divided by u.
10
Suppose 6*v = v - 5*m, -5*v + 18 = -m. Suppose 3*u = -v*u + 696. Calculate the remainder when u is divided by 13.
12
Suppose 0 = -q - 276 + 98. Let y = 96 + q. Calculate the remainder when 4/(-20) - y/10 is divided by 3.
2
Let o(v) = 3*v**2 + 8*v - 7. What is the remainder when 93 is divided by o(-6)?
40
Suppose -13 = -2*m + 183. Suppose -3*p - 64 = -5*l + 58, 0 = -4*l - p + 101. What is the remainder when m is divided by l?
23
Suppose 0 = -5*h + i + 50, -6*h + 3*i = -11*h + 30. Let d = -96 + 58. Let b = d - -72. What is the remainder when b is divided by h?
7
Let u(y) = y**2 + 19*y - 60. What is the remainder when u(-25) is divided by 34?
22
Let w = 22 + -39. Let h = -8 - w. What is the remainder when h is divided by 1/(-4 + 21/5)?
4
Let k(c) = -c - 5. Let l be k(-5). Suppose n + l*n = 2. Let t = 8 - 5. What is the remainder when t is divided by n?
1
Suppose 0 = -h + 4 - 2. Let k(c) = 1 - 1 - c**h - 6 - 13*c + 3. What is the remainder when k(-9) is divided by 17?
16
Let w(s) = -2*s. Let d be w(3). Suppose -63*n - 16 = -79*n. What is the remainder when d/(-2) - (2 + 0) is divided by n?
0
Calculate the remainder when 11 is divided by 6*(3 + -1)*1/4.
2
Suppose 79 - 551 = -4*q. Let g = q + -41. What is the remainder when g is divided by 26?
25
Let d = -49 - -27. Let n = 116 - 99. Let t = n - d. Calculate the remainder when t is divided by 20.
19
Suppose 5*p - 2*g - 203 = 0, -32*g + 31*g = -5*p + 199. Calculate the remainder when 153 is divided by p.
36
Let g = 1474 - 1315. What is the remainder when g is divided by 41?
36
Let s be 4/(-14) + 162/(-21). Let c be 5/(-2 - 36/s). Suppose -5 = -2*r - 2*d + 3, -5*r = c*d - 29. What is the remainder when 11 is divided by r?
4
Calculate the remainder when 43 is divided by 375/24 + 27/72.
11
Suppose 7*o = -24 + 150. Suppose -19*f + 31 = -o*f. Calculate the remainder when 185 is divided by f.
30
Let c(t) = 43*t - 459. What is the remainder when c(18) is divided by 4?
3
Let o = 71 - 54. What is the remainder when 20 is divided by o?
3
Suppose -5*q + q + 16 = 0. Suppose 5*p - 5*o = 135, -3*p + 2*p - q*o + 27 = 0. What is the remainder when p is divided by 10?
7
Let a = 32 - 17. Let f = -146 - 50. Let w = -109 - f. Calculate the remainder when w is divided by a.
12
Suppose -v + 12 = -4*v. Calculate the remainder when 11/v*((-2 - -7) + -25) is divided by 29.
26
Let c(o) = -11*o - 11. Suppose 0 = 3*k - 15, 0 = 3*z - 8*z - 3*k - 10. Calculate the remainder when 173 is divided by c(z).
41
Let s = 28 + -27. Suppose i - s = -3*p - 0*p, 3*i + p = 3. Calculate the remainder when (-1)/(-2*1/6) is divided by i.
0
Let l(o) = -2*o**2 + 2 + o**3 + 16*o + 2 + 21*o**2. Calculate the remainder when l(-18) is divided by 15.
10
Let l(w) = 29*w**2 - w + 1. Let b be l(1). Let m(j) = j + 24. Let x be m(5). Let t = x + b. Calculate the remainder when t is divided by 15.
13
Suppose 397 - 5 = -49*t. Let p(s) be the third derivative of -s**5/60 - 11*s**4/24 - 5*s**3/2 + s**2. Calculate the remainder when 25 is divided by p(t).
7
Let l(n) = -n**2 - 2*n - 5. Let d be l(0). Calculate the remainder when 27 is divided by ((-3)/2)/(d - (-282)/60).
2
Suppose -4*x = 833 - 937. What is the remainder when 73 is divided by x?
21
Let a(c) = -c**2 + 7*c + 2. Let o(k) = k**2 + 8*k - 14. Let n be o(-10). Let u be a(n). Let l(h) = 4*h + 9. What is the remainder when l(u) is divided by 11?
8
Suppose -59 - 11 = -7*p. Calculate the remainder when 32 is divided by 6/p - (-3)/(-15)*-82.
15
Let q be 2 - 107*(0 + -1). Suppose -f + 6*f - q = -k, -2*k - 90 = -4*f. Let y = -11 - -23. Calculate the remainder when f is divided by y.
10
Suppose -p + 24 = 6. Suppose -i = 2*i - p. Suppose i*k = 3*k + 33. What is the remainder when k is divided by 7?
4
Suppose -4*s - 12 + 20 = 0. Suppose -s*i + u + 1 = -2*u, -25 = 5*u. Let p(v) = -v**3 - 6*v**2 + 4*v + 6. What is the remainder when 105 is divided by p(i)?
24
Let v(d) = -d**3 + 6*d**2 - d - 1. Suppose -4*a + 431 = 5*f, 5*f = 5*a - 279 - 226. What is the remainder when a is divided by v(4)?
23
Suppose 2*k + 3 + 1 = 0. Let f(c) = -3*c - 3. Let n be f(k). Calculate the remainder when 32 is divided by (9/4)/(n/16).
8
Suppose -4*o = -8*c + 9*c - 356, 2*c - 712 = -2*o. Calculate the remainder when c is divided by 51.
50
Suppose -94 = -2*y - 114. What is the remainder when ((-132)/y)/(((-9)/(-30))/1) is divided by 8*2/1 + -1?
14
Let m(i) = -i**2 + 0*i**2 + 12 + 2*i - 2*i**3 + i**3. What is the remainder when 22 is divided by m(0)?
10
Suppose 0*u + u - 97 = 0. Let p(l) = -10*l - 1. Calculate the remainder when u is divided by p(-3).
10
Suppose -3*k - 10 = -5*k. Suppose 3*c = -5*f + 77, 58 = 2*c - 0*f + k*f. Calculate the remainder when (74/(-12))/(7/(-42)) is divided by c.
18
Suppose -a = 9*r - 11*r + 149, 5*a = -r + 80. What is the remainder when r is divided by 46?
29
Let l(d) = -8*d - 210. What is the remainder when l(-67) is divided by 40?
6
Let l(c) = -5*c. Let i be l(-3). Suppose -p + 0 + 3 = -1. What is the remainder when ((-14)/(-5))/(3/i) is divided by p?
2
Suppose -508 = 2003*p - 2007*p. What is the remainder when p is divided by 33?
28
What is the remainder when (3 - 126/28)*166/(-3) is divided by -3*3/(18/(-28))?
13
Let s = -53 - -74. Suppose 12*f - s = 9*f. Calculate the remainder when f is divided by 2 + (-2)/(2 - 4).
1
Let a = 7 + 8. Let t = -3 + -5. What is the remainder when a is divided by (0 + -9)/(8/t)?
6
Let i be (2/5)/((-1)/(-65)). Suppose l = -l + i. Calculate the remainder when 24*(14/(-63))/(6/(-27)) is divided by l.
11
Suppose 4*s + 0*w + w - 180 = 0, -3*s - 5*w = -135. Let k = 65 - s. What is the remainder when k is divided by -1*(-9 + 1 + -3)?
9
Let t(y) = y**2 + y + 2. Let p be t(0). Suppose -32*i = -105*i + 365. Suppose -15 = i*c, 3*w - 3 = 2*w - p*c. Calculate the remainder when 23 is divided by w.
5
Let j be 1 + (-1)/((-1)/17). Let b(v) = -41*v + 646. Let u be b(16). Let y = u + j. Calculate the remainder when 27 is divided by y.
3
Calculate the remainder when 40 is divided by 188/12 + 140/(-21) + 7.
8
Let a = 51 - 18. Suppose -4*p + 19 = -3*d + 2*d, -p = 2*d - 7. What is the remainder when a is divided by d - 2 - 13/(-1)?
9
Suppose -2 = 3*m + l - 61, 2*m + 5*l = 48. Calculate the remainder when 112 is divided by m.
17
Suppose -1305 = -3*r + 54. Calculate the remainder when r is divided by 38.
35
Let a be ((-46)/6)/((-1 + -1)/(-12)). Calculate the remainder when 37 is 